{"id":4040,"date":"2025-12-12T21:03:41","date_gmt":"2025-12-12T20:03:41","guid":{"rendered":"https:\/\/bestlimit.pl\/?post_type=product&#038;p=4040"},"modified":"2025-12-12T21:03:42","modified_gmt":"2025-12-12T20:03:42","slug":"radio-budowlane-milwaukee-bluetooth","status":"publish","type":"product","link":"https:\/\/bestlimit.pl\/?product=radio-budowlane-milwaukee-bluetooth","title":{"rendered":"Radio budowlane Milwaukee bluetooth"},"content":{"rendered":"<div class=\"mp4t_16_s mryx_16_s mr3m_1 mli2_1 mh85_56 mh85_0_l\">\n<div class=\"mgn2_16 _0d3bd_am0a-\">\n<h1>Milwaukee G\u0142o\u015bnik Bluetooth M12 JSSP-0 na aku M12<\/h1>\n<p><b>SPECYFIKACJA PRODUKTU:<\/b><\/p>\n<ul>\n<li>Ilo\u015b\u0107 akumulator\u00f3w 0<\/li>\n<li>Moc g\u0142o\u015bnik\u00f3w (W) 5<\/li>\n<li>Napi\u0119cie (V) 12<\/li>\n<li>Typ akumulatora Li-ion<\/li>\n<li>Waga (kg) 0.5<\/li>\n<li>Wymiary (mm) 105.5 x 153<\/li>\n<\/ul>\n<p><b>Cechy:<\/b><\/p>\n<ul>\n<li>Przeno\u015bny g\u0142o\u015bnik w miejscu pracy w zaawansowanej technologii Bluetooth\u00ae<\/li>\n<li>\u0141\u0105czy si\u0119 bezprzewodowo z przeno\u015bnymi urz\u0105dzeniami elektronicznymi w maksymalnej odleg\u0142o\u015bci do 10 m<\/li>\n<li>G\u0142o\u015bny, czysty d\u017awi\u0119k na wszystkich poziomach g\u0142o\u015bno\u015bci<\/li>\n<li>G\u0142o\u015bnik Premium z portem bas\u00f3w<\/li>\n<li>Odporny na upuszczenie, wod\u0119 i zanieczyszczenia, wytrzymuje trudne warunki w miejscu pracy i poza nim<\/li>\n<li>Chropowata obudowa, metalowa maskownica g\u0142o\u015bnika<\/li>\n<li>Do 25 godz. czasu pracy na jednym \u0142adowaniu z bateri\u0105 M12\u2122 4,0 Ah<\/li>\n<li>Elastyczny system bateryjny gwarantuje wsp\u00f3\u0142prac\u0119 ze wszystkimi akumulatorami Milwaukee\u00ae M12\u2122<\/li>\n<\/ul>\n<p>Bez akumulatora i \u0142adowarki<\/p>\n<\/div>\n<\/div>\n<div class=\"mp4t_16_s mryx_16_s mr3m_1 mli2_1 mh85_56 mh85_0_l\">\n<div class=\"mg9e_8 mj7a_8 mg9e_0_s mvrt_0_s mj7a_0_s mh36_0_s mzmg_6m munh_16_l m3h2_16_l\">\n<div class=\"mp4t_0 mryx_0 munh_56 m3h2_56\">\n<div class=\"mp7g_oh\"><\/div>\n<\/div>\n<\/div>\n<\/div>\n","protected":false},"excerpt":{"rendered":"<p>Milwaukee G\u0142o\u015bnik Bluetooth M12 JSSP-0 na aku M12 SPECYFIKACJA PRODUKTU: Ilo\u015b\u0107 akumulator\u00f3w 0 Moc g\u0142o\u015bnik\u00f3w (W) 5 Napi\u0119cie (V) 12 Typ akumulatora Li-ion Waga (kg) 0.5 Wymiary (mm) 105.5 x<\/p>\n","protected":false},"featured_media":4041,"comment_status":"open","ping_status":"closed","template":"","meta":[],"product_cat":[81,68],"product_tag":[],"class_list":{"0":"post-4040","1":"product","2":"type-product","3":"status-publish","4":"has-post-thumbnail","6":"product_brand-milwaukee","7":"product_cat-elektronarzedzia","8":"product_cat-hifi-glosniki","10":"first","11":"instock","12":"sale","13":"shipping-taxable","14":"purchasable","15":"product-type-simple"},"aioseo_notices":[],"_links":{"self":[{"href":"https:\/\/bestlimit.pl\/index.php?rest_route=\/wp\/v2\/product\/4040","targetHints":{"allow":["GET"]}}],"collection":[{"href":"https:\/\/bestlimit.pl\/index.php?rest_route=\/wp\/v2\/product"}],"about":[{"href":"https:\/\/bestlimit.pl\/index.php?rest_route=\/wp\/v2\/types\/product"}],"replies":[{"embeddable":true,"href":"https:\/\/bestlimit.pl\/index.php?rest_route=%2Fwp%2Fv2%2Fcomments&post=4040"}],"version-history":[{"count":1,"href":"https:\/\/bestlimit.pl\/index.php?rest_route=\/wp\/v2\/product\/4040\/revisions"}],"predecessor-version":[{"id":4042,"href":"https:\/\/bestlimit.pl\/index.php?rest_route=\/wp\/v2\/product\/4040\/revisions\/4042"}],"wp:featuredmedia":[{"embeddable":true,"href":"https:\/\/bestlimit.pl\/index.php?rest_route=\/wp\/v2\/media\/4041"}],"wp:attachment":[{"href":"https:\/\/bestlimit.pl\/index.php?rest_route=%2Fwp%2Fv2%2Fmedia&parent=4040"}],"wp:term":[{"taxonomy":"product_cat","embeddable":true,"href":"https:\/\/bestlimit.pl\/index.php?rest_route=%2Fwp%2Fv2%2Fproduct_cat&post=4040"},{"taxonomy":"product_tag","embeddable":true,"href":"https:\/\/bestlimit.pl\/index.php?rest_route=%2Fwp%2Fv2%2Fproduct_tag&post=4040"}],"curies":[{"name":"wp","href":"https:\/\/api.w.org\/{rel}","templated":true}]}}